x(h) = 5*h - 47. What are the prime factors of x(q)?
2, 7
Suppose -59*d + 57*d = 0. Suppose d = 5*q + 1 - 21. Suppose 2*g - 555 = -3*r - g, -583 = -3*r + q*g. List the prime factors of r.
3, 7
Let b = 179 + -177. What are the prime factors of (-1)/b*(-498 - 24)?
3, 29
Suppose -62914 = 19*p + 15860. Let y = -2633 - p. List the prime factors of y.
17, 89
Suppose -1621 - 479 = -6*k. List the prime factors of k.
2, 5, 7
Suppose 0 = 10*f - 3*f - 14. Suppose 8*z = f*z + 18. List the prime factors of 73 + (-5)/(5/z).
2, 5, 7
Let x = -7414 - -17984. List the prime factors of x.
2, 5, 7, 151
Let f = -29 - -32. Suppose 0*t - 4*t - 68 = f*v, 4*v = t - 59. What are the prime factors of (-312)/v*(4 - -2)?
3, 13
Let o be (1/(-4))/(-2*(-1)/(-16)). Suppose -4*f = 5*g - 27, o*g = -f + 6*f - 9. Suppose -1 = g*s - 16. List the prime factors of s.
5
Let y(r) = -22*r**2 + 35*r + 17. Let z(b) = -63*b**2 + 105*b + 52. Let q(p) = 17*y(p) - 6*z(p). List the prime factors of q(15).
2, 11
Let l be 96/2 - (12 - 5). Suppose l*n - 18594 = -2194. List the prime factors of n.
2, 5
Let l be ((-3)/(-8))/((-21)/(-168)). Suppose -4*k + 3*m = -5*k + 760, -l*m = 2*k - 1508. List the prime factors of k.
2, 11, 17
Suppose 2*n - 3*z = 629, 2*n - 6*n = 2*z - 1282. Let k = -173 + n. Suppose -k = 8*o - 10*o. What are the prime factors of o?
73
List the prime factors of 32306 - (1 - (-7 + 3)).
3, 37, 97
Let j = -37 - -41. Suppose -j*o + 25 = 5. Suppose 4*b - 4*i = 32, -b - o*i = -5*b + 30. List the prime factors of b.
2, 5
Suppose 0 = -7*y + 1667 + 1112. Let s = 766 - y. Suppose 2*q + n - s - 182 = 0, -5*n + 1365 = 5*q. List the prime factors of q.
2, 139
Suppose 0 = 3*y - 5*d - 1928, -11*d - 4 = -10*d. List the prime factors of (-8 - -12) + (1 - (3 - y)).
2, 11, 29
Let j be -28 - (0/(4 + -1) - 0). Let w be 8/j + 3684/7. Let o = w - 244. What are the prime factors of o?
2, 3, 47
Suppose -t - 5*q + 4687 = -1512, -12 = 3*q. List the prime factors of t.
3, 691
Let a = -365 + 371. List the prime factors of 14/8*a*2068/33.
2, 7, 47
Let i = -461 - -829. Suppose 12*s = 11*s + 4*x + 151, -3*s + i = 5*x. What are the prime factors of s?
131
Suppose -3*u = 3, x - 3*u + 8*u = -301. Let j = 581 + x. List the prime factors of j/1*(-12)/(-20).
3, 19
Let l = 25038 + -16227. List the prime factors of l.
3, 11, 89
Suppose 28 = 4*b + 4*r, 3*b + 5*r = 8*b - 5. Suppose -b*i + 227 = m, 4*i = m + 2*i - 227. What are the prime factors of m?
227
Suppose 2*n - 5*i = 48 + 1860, -n - i + 954 = 0. Let p = -542 + n. List the prime factors of p.
2, 103
Let r = 25763 + 17731. What are the prime factors of r?
2, 3, 11, 659
Let w be 6/4*-2*-2. Suppose -b + 4*b - 14 = -5*y, 3*y = -3*b + w. Let n(p) = 38*p**2 - 2. List the prime factors of n(b).
2, 3, 5
Suppose 7*a - 56 = 0, 38790 = -61*t + 63*t - 3*a. What are the prime factors of t?
3, 6469
Let a = 13 - 32. Let u = a - -45. Suppose 4*t - 2*g + 0*g = u, -7 = -2*t + 3*g. What are the prime factors of t?
2
Suppose 5*q - r = 4*r + 10, 3*q = -3*r + 24. Suppose -4*y - 1 = -3*y, 5*t + q*y - 1405 = 0. List the prime factors of t.
2, 3, 47
Let w(i) = 28*i + 71 - 49*i**2 - 3*i + 31*i**2 - i**3. List the prime factors of w(-20).
7, 53
Let q(k) be the first derivative of 10*k + 29 - 27/2*k**2 + k**3. List the prime factors of q(11).
2, 19
Suppose 69 = -j - 5*y, 13*j - 263 = 16*j + y. List the prime factors of 1/(-4 + (-357)/j).
89
Let b(n) = 3*n**2 - 7*n - 10. Suppose 9*s - 8 = 10*s. What are the prime factors of b(s)?
2, 7, 17
Suppose 5*h + 13166 = b, -5*b = -4*h - 70487 + 4531. List the prime factors of b.
2, 3299
Let f be -1 - 39*(-4)/12. Suppose 5*q - f*s + 7*s = 3620, 0 = -2*s + 2. List the prime factors of q.
5, 29
Let b(j) = j + 7. Let o be b(-5). Suppose -3*k + 10 = o*y - 8, 3*k + 18 = 2*y. Suppose h = -y*h + 760. List the prime factors of h.
2, 19
Let v(i) = -30*i + 154. Let x be v(5). Suppose -3*q - 382 = -3*s + 335, -948 = -4*s - x*q. List the prime factors of s.
2, 7, 17
Let m be -1 + (-16)/(-14) - 516/(-14). Let s = m + -30. Suppose 5*b - 247 = -s. List the prime factors of b.
2, 3
Let h(m) = -1015*m - 1676. List the prime factors of h(-22).
2, 23, 449
Let g = -5222 + 10286. List the prime factors of g.
2, 3, 211
Let a(h) = -h**2 + h - 1. Let k be a(1). Let m be (-539)/(-10) - (-9)/90. List the prime factors of m - (k + -5)/2.
3, 19
Suppose 2*c + 196 = 246. List the prime factors of -1335*c/(-60) - (-5)/(-4).
3, 5, 37
Suppose b + 3*t = 2, 4*t = 4*b - b - 19. Suppose 2*p = -p, 0 = -b*l - p - 25. What are the prime factors of (2 - l/(-1)) + 36/2?
3, 5
Let p(k) = 152*k**2 - 4*k - 1. Let y be p(-2). Let x = -111 + y. Suppose 48*j = 51*j - x. List the prime factors of j.
2, 3, 7
Let y = 5233 + -2990. What are the prime factors of y?
2243
Suppose 0 = -4*t + 5*d + 3, 5*t = 4*d + 4 + 2. Suppose 49 = 5*i - 4*k + 18, t*i = -k + 2. Suppose -289 = -i*m + 56. What are the prime factors of m?
5, 23
Let b = 456 - 190. Let c = b - 193. What are the prime factors of c?
73
Let q be -1 + 46*-1*1 + -2. Let g = -78 - -36. Let n = g - q. List the prime factors of n.
7
Suppose -15*c = -18*c - 903. Let s = c - -135. Let b = s + 312. List the prime factors of b.
2, 73
Suppose 70*t + 88470 = 5*k + 71*t, 88480 = 5*k + 3*t. List the prime factors of k.
13, 1361
Let w be 3/(49942/74886 + (-22)/33). Suppose -45*l = -41789 - w. List the prime factors of l.
2, 3, 67
Let n(f) = -41*f. Suppose -360 = 6*x + 3*x. Let z = x + 39. List the prime factors of n(z).
41
Let p be -7 + 1599 - (0 - -4)*-1. Let n = p + -583. List the prime factors of n.
1013
Let o = -1 - -9. Suppose d + 2 = z, -6*z = -2*z - d - o. Suppose 54 = z*b - 100. List the prime factors of b.
7, 11
Let d(o) = -2*o + 26. Let w be d(5). Suppose 5*c + 2*a - 323 = 0, 0*a = -4*a + w. What are the prime factors of c?
3, 7
Let m(i) be the first derivative of -191*i**2/2 + 3*i + 1256. Let b(n) = n**3 + 5*n**2 + 5*n + 3. Let y be b(-4). List the prime factors of m(y).
2, 97
Let f = -29 - -32. Suppose -4*s + g = 3*g - 2018, 2*g = f*s - 1510. What are the prime factors of s?
2, 3, 7
Let g be ((-2)/(-2))/(3/27*-3). Let n(y) = 9*y - 12. Let t be n(g). Let m = 52 + t. List the prime factors of m.
13
Suppose 18*t - 19*t - 2 = 0, 5*c - 3*t = 114161. List the prime factors of c.
17, 79
Let j = -17456 + 39651. What are the prime factors of j?
5, 23, 193
Suppose -c + 29920 + 317 = 3*z, -4*c = 0. List the prime factors of z.
10079
Suppose -2*y + 352 = 2*z, 48*z - 44*z = 4*y - 648. What are the prime factors of y?
13
Let c(d) = d**2 - 2*d + 1. Suppose -3*t = t - 5*m + 52, -4*m + 8 = t. Let r be 9*2*4/t. What are the prime factors of c(r)?
2, 5
Let q(m) be the second derivative of -m**5/20 + m**3/6 + 20*m. Let j be q(0). Suppose 4*f = c - 6*c + 466, j = 5*f + 5. What are the prime factors of c?
2, 47
What are the prime factors of -6 + 325/52 + (-27687)/(-4)?
2, 3461
What are the prime factors of 6/11 - 2212830/(-759)?
2, 3
Let u = -16092 - -37461. List the prime factors of u.
3, 17, 419
Suppose -5075 = -4*c - 5*b, -c = 3*c - 2*b - 5110. Suppose -25*i + 20*i = -c. What are the prime factors of i?
3, 5, 17
Let d(j) be the third derivative of -j**6/60 + 8*j**5/15 - 5*j**4/24 + 47*j**3/3 + 54*j**2. What are the prime factors of d(14)?
2, 101
Suppose -60*r + 46*r = -70. Suppose -349 = -u - 2*n, -23*u - r*n + 1381 = -19*u. What are the prime factors of u?
3, 113
Let n(p) = p**3 + 4*p**2 + p - 13. Let v be n(4). Let g = 17 + -3. Suppose -15*f - g = -v. List the prime factors of f.
7
What are the prime factors of (-273954)/(-60) + 14/140?
2, 3, 761
Let v = -15632 - -23015. List the prime factors of v.
3, 23, 107
Let i = -42286 - -64437. What are the prime factors of i?
17, 1303
Let k(v) = v**2 - 5*v - 11. Let b be k(6). What are the prime factors of b/(-30) - (-797)/6?
7, 19
Suppose 8*m = 10*m - 660. Suppose 5*s - 405 - m = 0. What are the prime factors of s?
3, 7
List the prime factors of 1*(271638/15 + 6/(-30)).
7, 13, 199
Let g(c) be the third derivative of 17*c**4/12 + 541*c**2 + 3. Suppose -2*q + 5*q - 3 = 0. What are the prime factors of g(q)?
2, 17
Let m = -1833 - -13682. What are the prime factors of m?
17, 41
Suppose 0 = -3*y + 4*d - 8, 5*y + 2*d - 6 = 24. Suppose -4*x + 2*a + 362 = -0*a, -y*x + 5*a + 371 = 0. What are the prime factors of x?
89
Suppose -2*